5?
105
Calculate the highest common factor of 640 and 80.
80
Calculate the highest common divisor of 6525 and 75.
75
Calculate the highest common divisor of 24 and 138.
6
Calculate the greatest common divisor of 171 and 190.
19
What is the highest common divisor of 52 and 364?
52
Calculate the greatest common factor of 162 and 12.
6
What is the greatest common factor of 1 and 1182?
1
Calculate the greatest common divisor of 4841 and 94.
47
Calculate the greatest common factor of 931 and 539.
49
What is the highest common divisor of 203 and 261?
29
Calculate the greatest common factor of 76 and 2109.
19
What is the greatest common factor of 141 and 171?
3
What is the highest common factor of 100 and 275?
25
Calculate the highest common divisor of 116 and 841.
29
What is the greatest common factor of 69 and 437?
23
What is the greatest common divisor of 40 and 1480?
40
What is the highest common factor of 11 and 10505?
11
Calculate the greatest common divisor of 2121 and 147.
21
Calculate the highest common divisor of 2 and 19.
1
What is the highest common factor of 1017 and 13899?
339
What is the highest common factor of 5222 and 28?
14
Calculate the highest common factor of 8 and 12.
4
What is the greatest common divisor of 10 and 480?
10
Calculate the highest common factor of 26 and 4849.
13
What is the highest common divisor of 8540 and 40?
20
What is the highest common factor of 42 and 21?
21
What is the highest common divisor of 4061 and 31?
31
Calculate the highest common divisor of 113 and 7.
1
What is the highest common factor of 328 and 4018?
82
Calculate the greatest common factor of 1334 and 406.
58
Calculate the highest common divisor of 20 and 180.
20
Calculate the highest common factor of 41 and 451.
41
What is the highest common divisor of 10641 and 3?
3
What is the highest common divisor of 75 and 8725?
25
Calculate the greatest common divisor of 16 and 1172.
4
Calculate the highest common factor of 729 and 162.
81
Calculate the highest common divisor of 80 and 3440.
80
Calculate the highest common divisor of 72 and 20808.
72
Calculate the highest common divisor of 18 and 444.
6
Calculate the greatest common factor of 144 and 324.
36
Calculate the highest common factor of 28 and 224.
28
Calculate the highest common factor of 290 and 150.
10
What is the greatest common divisor of 51 and 7599?
51
What is the highest common factor of 19 and 152?
19
Calculate the highest common factor of 16443 and 203.
203
Calculate the greatest common divisor of 64 and 60.
4
What is the greatest common divisor of 41 and 123?
41
Calculate the greatest common factor of 30 and 405.
15
Calculate the greatest common factor of 220 and 2816.
44
What is the greatest common divisor of 136 and 11288?
136
What is the highest common factor of 384 and 48?
48
What is the greatest common factor of 715 and 1705?
55
What is the greatest common divisor of 19 and 209?
19
What is the greatest common divisor of 14 and 1582?
14
Calculate the greatest common divisor of 215 and 55.
5
What is the highest common factor of 87 and 87?
87
What is the highest common factor of 546 and 2912?
182
What is the highest common divisor of 52 and 2236?
52
What is the greatest common divisor of 4499 and 11?
11
What is the greatest common factor of 22425 and 25?
25
Calculate the greatest common factor of 596 and 22499.
149
Calculate the highest common divisor of 2154 and 6.
6
Calculate the highest common divisor of 27 and 12123.
27
What is the greatest common divisor of 69 and 24?
3
What is the greatest common factor of 11 and 44?
11
Calculate the greatest common divisor of 13587 and 42.
21
Calculate the highest common factor of 8 and 712.
8
Calculate the highest common factor of 45 and 360.
45
What is the highest common factor of 1005 and 75?
15
What is the highest common divisor of 34741 and 49?
49
Calculate the greatest common divisor of 99 and 18.
9
What is the highest common factor of 45 and 11910?
15
What is the greatest common factor of 1176 and 56?
56
What is the highest common divisor of 2662 and 242?
242
What is the greatest common factor of 13287 and 129?
129
What is the greatest common factor of 106 and 106?
106
What is the highest common divisor of 13 and 1950?
13
Calculate the greatest common factor of 1408 and 264.
88
Calculate the highest common factor of 1350 and 50.
50
Calculate the greatest common factor of 22 and 10.
2
Calculate the highest common divisor of 482 and 7471.
241
What is the greatest common divisor of 24 and 438?
6
Calculate the highest common factor of 24 and 2718.
6
Calculate the greatest common divisor of 170 and 255.
85
Calculate the highest common divisor of 22 and 22.
22
Calculate the highest common divisor of 296 and 192.
8
What is the greatest common divisor of 203 and 14?
7
What is the highest common factor of 1647 and 54?
27
Calculate the highest common factor of 686 and 14.
14
Calculate the greatest common factor of 6 and 402.
6
What is the greatest common factor of 783 and 87?
87
Calculate the highest common divisor of 22 and 1507.
11
What is the greatest common factor of 6318 and 624?
78
What is the highest common divisor of 700 and 84?
28
Calculate the highest common divisor of 14229 and 51.
51
Calculate the highest common divisor of 891 and 1053.
81
Calculate the highest common factor of 54 and 2403.
27
What is the highest common divisor of 3200 and 3800?
200
What is the highest common factor of 70 and 320?
10
What is the highest common factor of 2460 and 60?
60
Calculate the highest common divisor of 1185 and 75.
15
Calculate the greatest common factor of 38 and 323.
19
Calculate the highest common factor of 468 and 558.
18
What is the greatest common factor of 36 and 234?
18
Calculate the greatest common factor of 873 and 679.
97
Calculate the highest common divisor of 630 and 70.
70
What is the highest common factor of 18629 and 13?
13
Calculate the highest common divisor of 33 and 15.
3
Calculate the highest common divisor of 3060 and 540.
180
What is the highest common factor of 1 and 83?
1
Calculate the highest common divisor of 36 and 264.
12
Calculate the greatest common divisor of 150 and 312.
6
What is the highest common factor of 1431 and 27?
27
Calculate the highest common divisor of 33 and 807.
3
Calculate the greatest common factor of 2016 and 140.
28
What is the highest common divisor of 5069 and 74?
37
What is the greatest common factor of 1536 and 36?
12
Calculate the greatest common factor of 656 and 104.
8
Calculate the greatest common factor of 22 and 40.
2
Calculate the highest common divisor of 32 and 32.
32
Calculate the greatest common factor of 78 and 6.
6
Calculate the greatest common divisor of 14 and 214.
2
What is the highest common divisor of 160 and 88?
8
What is the highest common divisor of 9927 and 18?
9
What is the highest common factor of 84 and 112?
28
What is the highest common divisor of 180 and 31410?
90
Calculate the highest common divisor of 255 and 2210.
85
Calculate the greatest common factor of 21 and 189.
21
Calculate the highest common factor of 4473 and 27.
9
Calculate the greatest common divisor of 25960 and 120.
40
What is the highest common divisor of 7 and 91?
7
Calculate the greatest common factor of 19 and 133.
19
What is the highest common factor of 1265 and 69?
23
What is the highest common divisor of 1859 and 22?
11
Calculate the greatest common divisor of 9 and 9.
9
Calculate the highest common divisor of 192 and 60.
12
What is the highest common factor of 27 and 675?
27
Calculate the greatest common factor of 160 and 520.
40
Calculate the greatest common divisor of 342 and 8778.
114
What is the greatest common factor of 108 and 459?
27
What is the greatest common divisor of 1120 and 592?
16
What is the highest common divisor of 1 and 3?
1
Calculate the greatest common factor of 65 and 10.
5
What is the highest common divisor of 27 and 72?
9
What is the greatest common divisor of 312 and 39?
39
What is the greatest common divisor of 105 and 70?
35
What is the greatest common divisor of 110 and 30?
10
Calculate the greatest common factor of 18 and 414.
18
Calculate the greatest common factor of 90 and 2250.
90
What is the highest common factor of 64 and 576?
64
Calculate the highe